29, -f = -2*w - q + 4*q. What is the tens digit of w?
2
Let l(k) = k**3 + 6*k**2 - 1. Let w be l(-5). Suppose w = 4*r + 4. Suppose -h - b = -25, 5*h - r*b - 126 = -1. What is the units digit of h?
5
What is the tens digit of 368 - (-4 + -3) - -2?
7
Suppose 2*r - 966 = -0*k - 4*k, -4*k + 996 = -4*r. Suppose -3*l = l + k. Let o = l + 96. What is the tens digit of o?
3
Suppose 8*n - 22540 = 11388. What is the units digit of n?
1
Let h(i) = 6*i**2 - 17*i + 20. Let m be h(6). Suppose -o = -m - 89. What is the tens digit of o?
2
Let g = 9 - -6. Let t be 3*(-2)/(24/(-52)). What is the units digit of t/3 + (-5)/g?
4
Suppose -4*p = 4*a - 4240, -p - 48 = 2*a - 1113. What is the hundreds digit of p?
0
What is the thousands digit of (-8 - 184/(-16))*380?
1
Let r be 99/(36/4)*(1 + 0). Suppose r*y - 1008 = -84. What is the tens digit of y?
8
Let q be (-4)/8 + (-1107)/(-6). Suppose 9*v - 68 - q = 0. What is the units digit of v?
8
Let t(p) = 344*p - 224. What is the tens digit of t(9)?
7
Let n be (13 - 39)/(2/(-26)). Let d = n + -166. What is the units digit of d?
2
Let o(x) be the second derivative of -x**6/144 - x**4/2 - 12*x. Let w(r) be the third derivative of o(r). What is the units digit of w(-7)?
5
Let q(m) = 12*m**2 + 33*m - 219. What is the hundreds digit of q(18)?
2
Let c(d) = -17*d**3 - 2*d**2 - d. Let b be c(-1). Let f(h) = h + 6. Let s be f(6). Let y = b + s. What is the units digit of y?
8
Suppose -2*j - 4*l - 12 = 0, 3*j + 1 - 8 = -l. Suppose 107 = j*r - 21. Suppose -5*p = w - r, 11 = 4*p + w - 15. What is the units digit of p?
6
What is the units digit of 2542/3*543/362?
1
Suppose -9*b + 4199 = 932. What is the units digit of b?
3
Let y(l) = 5 - 10*l + 12 + 2*l + 2*l. What is the tens digit of y(-5)?
4
Let v(g) = g + 1. Let t(r) = -31*r - 2. Let a(n) = -t(n) - 6*v(n). What is the units digit of a(4)?
6
Suppose -27*d = 8*d - 66500. What is the tens digit of d?
0
What is the units digit of ((-1101)/(-45)*-5)/((-2)/18)?
1
Suppose 39666 = 61*f - 48296. What is the thousands digit of f?
1
What is the tens digit of (-7 - 27247/(-121)) + 2/(-11)?
1
Let s be ((-6)/1)/((-6)/(-54)). Let z = -23 - s. Suppose 5*x - 5*t = 65, 4*x + t - z = x. What is the tens digit of x?
1
Let p(h) = -h**2 + 6*h + 10. Let b be p(7). Suppose 0*u + b*a - 253 = -4*u, 0 = 3*u - 2*a - 177. What is the units digit of u?
1
Let c(z) = z**3 + 6*z**2 - 8*z - 4. Suppose 5*k + 4*u = -40, -5*u + 19 - 56 = 3*k. What is the tens digit of c(k)?
6
Let j(r) = 6*r**3 + 4 - 914*r - 3*r**3 - 5*r**2 + 914*r. What is the units digit of j(4)?
6
What is the hundreds digit of (-6)/(-9)*(-4)/(-8)*1197?
3
Let u(g) be the third derivative of g**5/20 - g**4/12 - g**3/6 + 4*g**2. Let b(v) be the first derivative of u(v). What is the units digit of b(3)?
6
Suppose -6*x = -466 + 262. What is the units digit of x?
4
Let s(q) = -7*q**2 + 19*q**3 + 11*q**2 - 5*q**2 - 2*q + 2. Let o be s(2). Let j = -96 + o. What is the tens digit of j?
5
Let v(p) = -p**2 + 2*p - 5. Let x(r) = r**2 - 3*r + 5. Let g(o) = 5*v(o) + 6*x(o). What is the units digit of g(-4)?
3
Let l(b) = 22*b**2 - 36*b + 10. What is the tens digit of l(-4)?
0
Suppose -2*z + s - 8 = -0, 0 = -z + s - 6. What is the units digit of (1/z)/(4/(-664))?
3
Let a be -7 + 2/(-2) + -2. Let j = 5 - a. What is the units digit of j?
5
Suppose n + 2*u - 20 = -2*n, 3*n - 5*u = 55. Suppose -n*l = -13*l + 159. What is the tens digit of l?
5
Suppose 5*f - q - 4 = 11, 3*f = -5*q - 19. Suppose 0 = -f*y - 2, 0*p = p - y + 18. What is the units digit of -1 - ((-1 - 2) + p)?
1
Suppose -1 = -2*y - 5, 6 = -2*l + y. Let w(t) = 2*t**2 + 2*t - 3. What is the units digit of w(l)?
1
Let s = -1 - -3. Suppose -5*o + 2*d + 35 = 0, -25 = -5*d + 10*d. Suppose o*f - 3 = s. What is the units digit of f?
1
Let n be 2/((3 - -1)/4). Suppose -n*c - 252 = -11*c. What is the units digit of c?
8
Let x be 7 + 0/1*9/(-27). Suppose -c = -x*c + 312. What is the tens digit of c?
5
Let c(a) = -2*a**3 - 57*a + 7*a**2 + 4 + a**3 + 52*a + 1. Suppose -24 = -3*q - q. What is the tens digit of c(q)?
1
Let g = 55 - 32. Let b = g - 20. Suppose -3*a = -b - 6. What is the units digit of a?
3
Suppose -8*j = -7*j - 3*s - 312, -3*j = -2*s - 929. What is the tens digit of j?
0
Let o(h) = -14*h - 2. Let c be o(5). Suppose 35 = -5*l - 4*q, -l + 1 = 2*l - 2*q. What is the tens digit of c/3*l/2?
3
Let t be (3/3)/(0 - (-4)/16). Suppose 268 = 4*b - t*a, 3*a - 6*a + 254 = 4*b. What is the tens digit of b?
6
Let b = 426 - -293. What is the tens digit of b?
1
Let f = 0 + 12. Suppose f*d - 7*d - 335 = 0. What is the tens digit of d?
6
Let o = 26 - 22. Suppose -5*s = 3*a - 139, -o*s - 2*a + 70 + 40 = 0. Let c = s + -6. What is the tens digit of c?
2
Let p = -131 + 122. What is the tens digit of 3*-453*2/p?
0
What is the thousands digit of (2940 + -42)/(1 + (-1 - -2))?
1
Suppose 2*k + 3*o - 1913 = 0, -3*k - 3*o - 373 + 3250 = 0. What is the tens digit of k?
6
Suppose 5*u = 2*u - 33. Let l = u + 46. Suppose 5*f = 2*c + l, -16 + 5 = f - 4*c. What is the units digit of f?
9
Let r = 34 + -55. Let g(s) = -s + 39. Let x be g(18). What is the units digit of 78/x + (-6)/r?
4
Let t be (-3 + 1)*(-9)/(-2). Let z(x) = -x**3 - 10*x**2 - 12*x + 2. What is the units digit of z(t)?
9
Suppose -2*o = 3*h - 4048, -2*h - 3*h + 5*o + 6730 = 0. What is the thousands digit of h?
1
Suppose 0 = 376*d - 360*d - 55008. What is the tens digit of d?
3
Suppose -11*l + 2130 = -6*l. What is the units digit of l?
6
Suppose o - 22 = -25, 4*f = -4*o + 4124. What is the hundreds digit of f?
0
Let r(o) = -o**2 - 15*o - 4. Let g be r(-14). Let i = -7 + 0. Let n = g + i. What is the units digit of n?
3
Let y = 66 + -62. Suppose -y*r - 3*l + 219 = 54, -4 = 4*l. What is the units digit of r?
2
Let s(z) = -35*z - 13. Let a(p) = 18*p + 24 - 5 + 35*p + 1. Let d(h) = 5*a(h) + 8*s(h). What is the tens digit of d(-2)?
2
Let h be (((-15)/3)/(-10))/(1/1402). Suppose h = 3*q - 202. What is the tens digit of q?
0
Let w(u) = -u**3 - 4*u**2 - 4. Let p be w(-3). Let r = p - -17. Suppose 103 = r*t + 35. What is the tens digit of t?
1
Suppose 3*k + 0*k + 2*l - 28 = 0, -3*k + 3*l = -3. Suppose k*w - 147 = -15. What is the tens digit of w?
2
Let y(a) = 3*a + 9. Let o(i) = -3*i. Let k be o(2). Let w be 9 - (-3 + k/(-3)). What is the units digit of y(w)?
9
Suppose -722 = -g + 3*j + 28, -5*g + 4*j = -3772. What is the hundreds digit of g?
7
Let s(a) = 7*a + 1. Let v(k) = -13*k - 2. Let n(c) = -11*s(c) - 6*v(c). Let t be n(-5). What is the units digit of (t/(-8))/((-2)/(-72))?
8
Let x(q) = -9*q - 2. Let i(d) = d**3 + 7*d**2 + 2*d + 8. Let v be i(-7). Let r = 3 + v. What is the tens digit of x(r)?
2
Let m(k) = k**3 + 4*k**2 - 7*k - 5. Let c be m(-5). Suppose -c*l = -2*l - 27. Suppose 0 = -l*f + 8*f + 23. What is the units digit of f?
3
Let l(w) = 0*w**3 - w**2 + 9 - 3*w**3 + 11*w**2 + 15*w + 2*w**3. Let n be l(11). Suppose -n - 75 = -4*f. What is the tens digit of f?
3
Let i be (-21)/28 + (-11)/(-4). Suppose 14 = 3*x + i. Suppose 4*j - 101 = q - 0*q, -2*q + 86 = x*j. What is the tens digit of j?
2
Let o = 106 - 97. What is the units digit of (-1 - o)*((-336)/(-30))/(-7)?
6
Let c be (-8046)/(-33) + 4/22. Let m = c - 109. Suppose 2*y + 2*l - m = -y, 5*l - 32 = -y. What is the tens digit of y?
4
Let j = 17 + -19. Let g be (j/(-6))/((-1)/(-195)). Suppose -25 - g = -2*f. What is the tens digit of f?
4
Suppose -4*s = -32 - 56. Let x = s - 26. Let i = 13 + x. What is the units digit of i?
9
Suppose 19*h + 168 = 22*h. Suppose 5*f + 3*q = 30, -h = -4*f - 5*q - 19. Suppose -r - 4 = -f*r. What is the units digit of r?
2
Suppose n - 10556 = -3*n - 2*j, -3*n + 7903 = 5*j. What is the hundreds digit of n?
6
Let u(c) = c**3 - 10*c**2 + c - 5. Let h be u(10). Let x(t) = -t**3 + 5*t**2 + 2*t - 3. Let b be x(h). Let a = b + 16. What is the tens digit of a?
2
Let y(m) be the first derivative of m**3/3 + 3*m**2 + 9*m - 3. Let c be y(-7). What is the tens digit of (-2)/(-8) + 220/c?
1
Suppose -3*k - 15 = 4*l - 44, -2*k + 3*l - 9 = 0. Suppose a - 12 = k*a. Let q(s) = -8*s - 6. What is the units digit of q(a)?
2
Let x(v) = -3*v + 58. What is the tens digit of x(-7)?
7
Suppose 5*s - 60 = -195. Let v be 6/4*12/(-9) + -12. Let b = v - s. What is the tens digit of b?
1
What is the tens digit of (-4 + 217/4